{"id":2,"date":"2016-03-24T21:33:20","date_gmt":"2016-03-24T21:33:20","guid":{"rendered":"http:\/\/wp44m.a10-52-158-154.qa.plesk.ru\/wordpress\/?page_id=2"},"modified":"2020-01-03T16:13:28","modified_gmt":"2020-01-03T15:13:28","slug":"impressum","status":"publish","type":"page","link":"https:\/\/rainergrau.com\/wordpress\/impressum\/","title":{"rendered":"IMPRESSUM"},"content":{"rendered":"<p>Das Impressum gilt f\u00fcr die von Rainer Grau betriebenen Websites<br \/>\n<a href=\"http:\/\/www.rainergrau.com\">www.rainergrau.com<\/a>, <a href=\"http:\/\/www.juropera.com\">www.juropera.com<\/a><br \/>\nund s\u00e4mtlicher darunter befindlicher Subdomains.<\/p>\n<h3>Einverst\u00e4ndniserkl\u00e4rung<\/h3>\n<p>Mit dem Zugriff auf und dem Browsen durch die Website der vorliegenden privaten Website von Rainer Grau, oder mit der Nutzung und\/oder dem Herunterladen von Inhalten dieser Website, erkl\u00e4ren Sie sich mit den nach-folgenden Bestimmungen einverstanden und nehmen diese an.<\/p>\n<h3>Informationen der Website<\/h3>\n<p>Alle Informationen dieser Seite werden unentgeltlich und ausschlie\u00dflich zu Informationszwecken bereitgestellt. Anspr\u00fcche an Rainer Grau k\u00f6nnen aus den Informationen nicht geltend werden. Keine Informationen, die auf dieser Site bereitgestellt werden, k\u00f6nnen als Ersatz f\u00fcr Ihre unabh\u00e4ngigen Recherchen betrachtet werden. Inhalte, die auf dieser Website bereitgestellt werden, k\u00f6nnen Informationen oder Hinweise auf Dienstleistungen oder Produkte enthalten, die in Ihrem Land nicht zur Verf\u00fcgung stehen<\/p>\n<h3>Links<\/h3>\n<p>Links zu weiteren Websites werden nur zur sinnvollen Nutzung des World Wide Web angeboten. Die Existenz eines Links auf meinen Seiten bedeutet keine Zustimmung oder Unterst\u00fctzung der Websites oder deren Inhalte durch meine Person, da diese au\u00dferhalb meiner Kontrolle sind. Ich als Privatmann Rainer Grau kann deshalb nicht f\u00fcr den Inhalt irgendeiner \u00fcber einen Link verbundenen Sites oder der dort vorhandenen Informationen oder Dateien verantwortlich gemacht werden<\/p>\n<h3>Geistige Eigentumsrechte<\/h3>\n<p>Die Inhalte und Informationen dieser Website sind mein geistiges Eigentum und somit nach Schweizer Recht gesch\u00fctzt. Alle auf dieser Website enthaltenen Informationen und Dateien, deren Download durch ein technisches Mittel m\u00f6glich ist, sind durch geistige Eigentumsrechte gesch\u00fctzt und verbleiben in meinem Eigentum.<\/p>\n<p>Ein Teil der auf der Webseite verwendeten Bilder stehen unter Creative Commons Lizenzrechten zur Verf\u00fcgung. Die Lizenzbestimmungen von Creative Commons sind unter <a href=\"https:\/\/creativecommons.org\/licenses\/\">https:\/\/creativecommons.org\/licenses\/<\/a> einsehbar.<\/p>\n<p>Nicht kommerziellen Organisationen und Privatpersonen gestatte ich ein unentgeltliches, nicht weitergebbares Nutzungsrecht an den Informationen und Dateien zu. Die Nutzung der Informationen und Dateien erfolgt unter Ausschluss jeglicher Haftung (siehe Abschnitt Haftung).<\/p>\n<p>Kommerziellen Organisationen k\u00f6nnen eine Nutzung der Informationen anfragen (siehe Abschnitt Kontaktdaten)<\/p>\n<hr \/>\n<h2>Haftung<\/h2>\n<p>Alle Materialien, inklusive Dateien, deren Download durch ein technisches Mittel m\u00f6glich ist, die auf meiner Website enthalten sind, werden ohne irgendwelche Gew\u00e4hrleistung, soweit dies im Rahmen der geltenden Gesetze m\u00f6glich ist, bereitgestellt.<\/p>\n<p>Ich bin angemessen bem\u00fcht, \u00fcber meine Website zuverl\u00e4ssige Informationen bereitzustellen. Ich kann jedoch keine vollst\u00e4ndige Gew\u00e4hr leisten, dass diese Website frei von Ungenauigkeiten, Fehlern, Viren, W\u00fcrmern oder Trojaner oder \u00e4hnlichem ist, beziehungsweise dass die Informationen auf dem aktuellen Stand. Ich behalte mir das Recht vor die Informationen jederzeit ohne vorherige Ank\u00fcndigung zu \u00e4ndern.<\/p>\n<p>Ich schliesse jede Haftung aus. Diese Regelung gilt auch in F\u00e4llen von Datenverlusten.<\/p>\n<hr \/>\n<h2>Cookies<\/h2>\n<p>Meine Website verwendet Cookies. Informationen zum Einsatz von Cookies finden Sie auf zum Beispiel auf <a href=\"http:\/\/www.AllAboutCookies.org\">www.allaboutcookies.org<\/a><\/p>\n<p>Mit der Nutzung von Cookies gew\u00e4hrleisten Sie, dass alle Informationen oder Kommentare, mit Ausnahme Ihrer pers\u00f6nlichen Daten, die \u00fcber meine Website \u00fcbermitteln k\u00f6nnen, keine geistigen Eigentumsrechte oder sonstiges geltendes Recht verletzen. Informationen oder Kommentare die Sie auf meiner Seite ablegen werden als nicht vertraulich und nicht gesch\u00fctzt betrachtet. Durch die Bereitstellung dieser Informationen oder Kommentare gew\u00e4hren Sie mir als Privatmann Rainer Grau ein unbegrenztes und unwiderrufliches Lizenzrecht in Bezug auf die Nutzung. Ich behalte mir das Recht vor, diese Informationen auch in ver\u00e4nderter Art und Weise zu nutzen.<\/p>\n<hr \/>\n<h2>Analysesoftware<\/h2>\n<p>Diese Website verwendet Analysesoftware, unter anderem wird Google Analytics eingesetzt, ein Webanalyse-Service von Google, Inc. (\u201eGoogle\u201d). Google Analytics verwendet Cookies, d. h. auf Ihrem Computer platzierte Textdateien, mithilfe derer die Nutzung der Site durch die Benutzer analysiert werden kann. Informationen zu Google Analytics finden Sie bei Google unter <a href=\"http:\/\/www.google.com\/analytics\">http:\/\/www.google.com\/analytics<\/a>.<\/p>\n<p>Die durch Cookies generierten Informationen zur Nutzung der Website (einschlie\u00dflich Ihrer IP-Adresse) werden an Google weitergeleitet und durch Google auf Servern in den USA gespeichert. Im Fall von EU-Mitgliedstaaten sowie weiteren Vertragsstaaten des Abkommens \u00fcber den europ\u00e4ischen Wirtschaftsraum k\u00fcrzt Google die IP-Adresse um das letzte Achtbitzeichen bzw. anonymisiert diese. Nur in Ausnahmef\u00e4llen sendet Google die vollst\u00e4ndige IP-Adresse an Google-Server in den USA und k\u00fcrzt sie dort.<\/p>\n<p>Google verwendet diese Informationen, um die Nutzung der Website bez\u00fcglich der Webseiten Aktivit\u00e4t zu evaluieren. Google stellt mir als Nutzer von Google Analytics entsprechende Auswertungen zur Verf\u00fcgung. Sie k\u00f6nnen die Verwendung von Cookies verweigern, indem Sie die entsprechenden Einstellungen in Ihrem Browser w\u00e4hlen, was allerdings m\u00f6glicherweise die Nutzung dieser Website einschr\u00e4nkt.<\/p>\n<p>Sie k\u00f6nnen ferner die Beschaffung und Verwendung von Daten durch Google (Cookies und IP-Adresse)\u00a0verhindern, indem Sie das hier verf\u00fcgbare Browser-Plug-in herunterladen und installieren.<\/p>\n<h2>Verwendung des Google reCaptcha<\/h2>\n<p>Zur Sicherung von Daten und Eingaben in Felder wird die Google reCaptcha Technologie eingesetzt. Sie als Benutzer erkl\u00e4ren sich mit der Eingabe in diese Felder ausdr\u00fccklich einverstanden reCAPTCHA, Version 3 zu nutzen entsprechend der folgenden <a href=\"https:\/\/www.google.com\/policies\/privacy\/\" target=\"_blank\" rel=\"noopener noreferrer\">Datenschutzerkl\u00e4rung<\/a> und diesen <a href=\"https:\/\/www.google.com\/policies\/terms\/\" target=\"_blank\" rel=\"noopener noreferrer\">Nutzungsbedingungen<\/a> von Google.<\/p>\n<hr \/>\n<h2>Rechtliche Hinweise<\/h2>\n<h3>Bewahrung von Personendaten<\/h3>\n<p>Im Allgemeinen bietet diese Website keine vorgesehene M\u00f6glichkeit pers\u00f6nliche Daten einzufordern durch einen Registrierungsmechanismus oder ein pers\u00f6nliches Benutzerprofil, welches pers\u00f6nliche Daten einsammelt\u00a0und aufbewahrt.<\/p>\n<p>Ihre pers\u00f6nlichen Daten k\u00f6nnen Sie jedoch in Kommentaren und anderer Form auf meiner Website ablegen.\u00a0In diesem Fall gelten die obigen Bestimmungen.<\/p>\n<p>Falls diese Website explizit \u00fcber Registrierung oder Benutzerprofile pers\u00f6nliche Daten einsammeln und\u00a0aufbewahren sollte, gelten die folgenden Bestimmungen:<\/p>\n<ul>\n<li>Sie k\u00f6nnen jederzeit eine vollst\u00e4ndige Aufstellung der Informationen verlangen, die in den oben genannten System \u00fcbe Ihre Person gespeichert sind. Sie werden diese Aufstellung ab Aufforderung nach sp\u00e4testens 4 Wochen Bearbeitungszeit erhalten.<\/li>\n<li>Sie k\u00f6nnen jederzeit verlangen, dass alle aufbewahrten\u00a0Personendaten, die Sie pers\u00f6nlich betreffen, aktualisiert werden.<\/li>\n<li>Sie jederzeit verlangen, dass\u00a0Sie pers\u00f6nlich betreffende Personendaten gel\u00f6scht werden. Ausgenommen sind Personendaten, zu deren\u00a0Aufbewahrung und Verwendung ich aufgrund eines Gesetzes zu den im entsprechenden Gesetz angegebenen Zwecken verpflichtet und berechtigt ist.<\/li>\n<\/ul>\n<p>Wenn Sie eines dieser Rechte wahrnehmen wollen, so schreiben Sie eine E-Mail an privacy (at) rainergrau (dot) com.\u00a0Nehmen Sie bitte zur Kenntnis, dass ein Nachweis Ihrer Identit\u00e4t verlangt wird (Kopie der ID oder eines anderen rechtlichen Dokuments), um sicher\u00a0nachpr\u00fcfen zu k\u00f6nnen, dass Sie berechtigt sind, die betreffenden Daten zu erhalten oder eine\u00a0\u00c4nderung\/L\u00f6schung dieser zu verlangen.<\/p>\n<h3>Salvatorische Klausel<\/h3>\n<p>Alle Rechtsstreitigkeiten oder Rechtsanspr\u00fcche, die sich aus oder im Zusammenhang mit den allgemeinen\u00a0Nutzungsbedingungen ergeben, unterliegen schweizerischem Recht unter Ausschluss aller internationalen Rechtsordnungen. Gerichtsstand f\u00fcr alle Streitigkeiten aus der Nutzung der Website ist Z\u00fcrich.<\/p>\n<p>Sollte irgendeine der Bedingungen oder Bestimmungen dieser Nutzungsbedingungen von einem Gericht als\u00a0ungesetzlich, ung\u00fcltig oder undurchsetzbar betrachtet werden, bleiben die restlichen Bedingungen und Bestimmungen voll in Kraft und wirksam.<\/p>\n<p>Diese Bedingungen k\u00f6nnen in Ihrem PC abgespeichert oder unmittelbar ausgedruckt werden oder\u00a0stehen als <a href=\"http:\/\/www.juropera.com\/download\/impressum.pdf\">Download in PDF Format<\/a> zur Verf\u00fcgung.<\/p>\n<hr \/>\n<h2>Kontaktdaten<\/h2>\n<table class=\"content\">\n<tbody>\n<tr>\n<td>Rainer Grau<\/td>\n<\/tr>\n<tr>\n<td>Dorfstrasse 1a, 8934 Knonau, Switzerland<\/td>\n<\/tr>\n<tr>\n<td>Mob: +41 79 400 4673<\/td>\n<\/tr>\n<tr>\n<td>Email: admin (at) rainergrau (dot) com<\/td>\n<\/tr>\n<tr>\n<td>Stand: 03. November 2018<\/td>\n<\/tr>\n<\/tbody>\n<\/table>\n<p><!--google+ badge script--><br \/>\n<script type=\"text\/javascript\">\/\/ <![CDATA[ (function() { var po = document.createElement('script'); po.type = 'text\/javascript'; po.async = true; po.src = 'https:\/\/apis.google.com\/js\/plusone.js'; var s = document.getElementsByTagName('script')[0]; s.parentNode.insertBefore(po, s); } )(); \/\/ ]]><\/script><\/p>\n","protected":false},"excerpt":{"rendered":"<p>Das Impressum gilt f\u00fcr die von Rainer Grau betriebenen Websites www.rainergrau.com, www.juropera.com und s\u00e4mtlicher darunter befindlicher Subdomains. Einverst\u00e4ndniserkl\u00e4rung Mit dem Zugriff auf und dem Browsen durch die Website der vorliegenden privaten Website von Rainer Grau, oder mit der Nutzung und\/oder dem Herunterladen von Inhalten dieser Website, erkl\u00e4ren Sie sich mit den nach-folgenden Bestimmungen einverstanden und<br \/><a class=\"moretag\" href=\"https:\/\/rainergrau.com\/wordpress\/impressum\/\">+ Read More<\/a><\/p>\n","protected":false},"author":1,"featured_media":0,"parent":0,"menu_order":0,"comment_status":"closed","ping_status":"closed","template":"","meta":{"footnotes":""},"class_list":["post-2","page","type-page","status-publish","hentry"],"_links":{"self":[{"href":"https:\/\/rainergrau.com\/wordpress\/wp-json\/wp\/v2\/pages\/2","targetHints":{"allow":["GET"]}}],"collection":[{"href":"https:\/\/rainergrau.com\/wordpress\/wp-json\/wp\/v2\/pages"}],"about":[{"href":"https:\/\/rainergrau.com\/wordpress\/wp-json\/wp\/v2\/types\/page"}],"author":[{"embeddable":true,"href":"https:\/\/rainergrau.com\/wordpress\/wp-json\/wp\/v2\/users\/1"}],"replies":[{"embeddable":true,"href":"https:\/\/rainergrau.com\/wordpress\/wp-json\/wp\/v2\/comments?post=2"}],"version-history":[{"count":12,"href":"https:\/\/rainergrau.com\/wordpress\/wp-json\/wp\/v2\/pages\/2\/revisions"}],"predecessor-version":[{"id":505,"href":"https:\/\/rainergrau.com\/wordpress\/wp-json\/wp\/v2\/pages\/2\/revisions\/505"}],"wp:attachment":[{"href":"https:\/\/rainergrau.com\/wordpress\/wp-json\/wp\/v2\/media?parent=2"}],"curies":[{"name":"wp","href":"https:\/\/api.w.org\/{rel}","templated":true}]}}